{"id":1706,"date":"2023-10-16T10:24:36","date_gmt":"2023-10-16T08:24:36","guid":{"rendered":"https:\/\/handgewebt.net\/?post_type=product&#038;p=1706"},"modified":"2025-01-17T10:19:45","modified_gmt":"2025-01-17T08:19:45","slug":"westend","status":"publish","type":"product","link":"https:\/\/test.handgewebt.net\/?product=westend","title":{"rendered":"Westend"},"content":{"rendered":"","protected":false},"excerpt":{"rendered":"<p>Westend ist ein dekorativer Schal mit einem grafischen Muster. Die Inspiration zu diesem Muster bekam ich an einem Aktionswochenende im Stadtteil Westend, an dem K\u00fcnstler und Handwerker ihr Atelier f\u00fcr Besucher \u00f6ffneten.<br \/>\n\u00dcberwiegend aus Baumwolle gewebt, ist der Schal angenehm auf der Haut, sehr pflegeleicht und kann das ganz Jahr \u00fcber getragen werden.<br \/>\nDie Webart, ein sogenannter 3\/1 K\u00f6per, bewirkt, dass sich der Schal durch das Tragen dreidimensional entwickelt und leicht faltet. <\/p>\n<p><strong>Material:<\/strong><br \/>\n70% Baumwolle, 30% Leinen und Seide<\/p>\n<p><strong>Ma\u00dfe:<\/strong> 169cm x 35cm ohne Fransen<br \/>\n<strong>Fransenl\u00e4nge:<\/strong> 11cm<\/p>\n","protected":false},"featured_media":1696,"template":"","meta":[],"product_brand":[],"product_cat":[36],"product_tag":[137,166,106],"class_list":{"0":"post-1706","1":"product","2":"type-product","3":"status-publish","4":"has-post-thumbnail","6":"product_cat-schals-tuecher","7":"product_tag-baumwolle","8":"product_tag-farbe","9":"product_tag-schal","11":"first","12":"instock","13":"sold-individually","14":"shipping-taxable","15":"purchasable","16":"product-type-simple"},"_links":{"self":[{"href":"https:\/\/test.handgewebt.net\/index.php?rest_route=\/wp\/v2\/product\/1706","targetHints":{"allow":["GET"]}}],"collection":[{"href":"https:\/\/test.handgewebt.net\/index.php?rest_route=\/wp\/v2\/product"}],"about":[{"href":"https:\/\/test.handgewebt.net\/index.php?rest_route=\/wp\/v2\/types\/product"}],"wp:featuredmedia":[{"embeddable":true,"href":"https:\/\/test.handgewebt.net\/index.php?rest_route=\/wp\/v2\/media\/1696"}],"wp:attachment":[{"href":"https:\/\/test.handgewebt.net\/index.php?rest_route=%2Fwp%2Fv2%2Fmedia&parent=1706"}],"wp:term":[{"taxonomy":"product_brand","embeddable":true,"href":"https:\/\/test.handgewebt.net\/index.php?rest_route=%2Fwp%2Fv2%2Fproduct_brand&post=1706"},{"taxonomy":"product_cat","embeddable":true,"href":"https:\/\/test.handgewebt.net\/index.php?rest_route=%2Fwp%2Fv2%2Fproduct_cat&post=1706"},{"taxonomy":"product_tag","embeddable":true,"href":"https:\/\/test.handgewebt.net\/index.php?rest_route=%2Fwp%2Fv2%2Fproduct_tag&post=1706"}],"curies":[{"name":"wp","href":"https:\/\/api.w.org\/{rel}","templated":true}]}}