{"id":1370,"date":"2022-05-20T18:14:29","date_gmt":"2022-05-20T16:14:29","guid":{"rendered":"https:\/\/handgewebt.net\/?post_type=product&#038;p=1370"},"modified":"2023-01-07T11:27:06","modified_gmt":"2023-01-07T09:27:06","slug":"weisser-wollglitzer","status":"publish","type":"product","link":"https:\/\/test.handgewebt.net\/?product=weisser-wollglitzer","title":{"rendered":"Wei\u00dfer Wollglitzer"},"content":{"rendered":"","protected":false},"excerpt":{"rendered":"<p>Ein l\u00e4ssiger Sommerschal, der jedes Outfit aufpeppt. Er passt zum leichten Sommerkleid, zur Jeans, aber auch zu einem edlen Jackett oder Blazer. <\/p>\n<p>Die handgesponnene Wolle in wollwei\u00df mit den grauen Seiden- und goldenen Glitzerf\u00e4den tr\u00e4gt sich sehr angenehm auf der Haut.<\/p>\n<p>Durch den Einsatz \u00fcberdrehter und unterschiedlich dicker, handgesponnener Wollgarne ist dieser Schal in der Breite elastisch und hat eine sch\u00f6ne Struktur. Die Enden des Schals sind mit weniger \u00fcberdrehtem Garn gewebt und daher etwas breiter als der restliche Schal.<\/p>\n<p><strong>Material:<\/strong><br \/>\nKette: \u00fcberwiegend Wolle, maximal 10% Seide und PA<br \/>\nSchuss: 100% Wolle<\/p>\n<p><strong>Ma\u00dfe:<\/strong> 170cm x 20-28cm ohne Fransen<br \/>\n<strong>Fransenl\u00e4nge:<\/strong> 8cm<br \/>\n<strong>Gewicht:<\/strong> 86g<\/p>\n","protected":false},"featured_media":1365,"template":"","meta":[],"product_brand":[],"product_cat":[36],"product_tag":[111,51,106,110,107,112,109],"class_list":{"0":"post-1370","1":"product","2":"type-product","3":"status-publish","4":"has-post-thumbnail","6":"product_cat-schals-tuecher","7":"product_tag-handgesponnen","8":"product_tag-handgewebt","9":"product_tag-schal","10":"product_tag-seide","11":"product_tag-sommer","12":"product_tag-weiss","13":"product_tag-wolle","15":"first","16":"instock","17":"sold-individually","18":"shipping-taxable","19":"purchasable","20":"product-type-simple"},"_links":{"self":[{"href":"https:\/\/test.handgewebt.net\/index.php?rest_route=\/wp\/v2\/product\/1370","targetHints":{"allow":["GET"]}}],"collection":[{"href":"https:\/\/test.handgewebt.net\/index.php?rest_route=\/wp\/v2\/product"}],"about":[{"href":"https:\/\/test.handgewebt.net\/index.php?rest_route=\/wp\/v2\/types\/product"}],"wp:featuredmedia":[{"embeddable":true,"href":"https:\/\/test.handgewebt.net\/index.php?rest_route=\/wp\/v2\/media\/1365"}],"wp:attachment":[{"href":"https:\/\/test.handgewebt.net\/index.php?rest_route=%2Fwp%2Fv2%2Fmedia&parent=1370"}],"wp:term":[{"taxonomy":"product_brand","embeddable":true,"href":"https:\/\/test.handgewebt.net\/index.php?rest_route=%2Fwp%2Fv2%2Fproduct_brand&post=1370"},{"taxonomy":"product_cat","embeddable":true,"href":"https:\/\/test.handgewebt.net\/index.php?rest_route=%2Fwp%2Fv2%2Fproduct_cat&post=1370"},{"taxonomy":"product_tag","embeddable":true,"href":"https:\/\/test.handgewebt.net\/index.php?rest_route=%2Fwp%2Fv2%2Fproduct_tag&post=1370"}],"curies":[{"name":"wp","href":"https:\/\/api.w.org\/{rel}","templated":true}]}}