{"id":1364,"date":"2022-05-18T14:17:22","date_gmt":"2022-05-18T12:17:22","guid":{"rendered":"https:\/\/handgewebt.net\/?post_type=product&#038;p=1364"},"modified":"2023-01-07T11:31:09","modified_gmt":"2023-01-07T09:31:09","slug":"lila-wasserfall","status":"publish","type":"product","link":"https:\/\/test.handgewebt.net\/?product=lila-wasserfall","title":{"rendered":"Lila Wasserfall"},"content":{"rendered":"","protected":false},"excerpt":{"rendered":"<p>F\u00fcr dieses Einzelst\u00fcck wurde mit 2 handgesponnenen Schussgarnen gearbeitet. Die leicht \u00fcberdrehten Garne geben dem Gewebe eine sch\u00f6ne, leicht wellige und dreidimensionale Struktur. <\/p>\n<p>Der Lila Wasserfall ist ein Schal f\u00fcr jede Jahrezeit, da er leicht, d\u00fcnn, aber dank des hohen Wollanteils auch warm ist.<\/p>\n<p>Am einen Ende des Schals leuchten die Farben sch\u00f6n intensiv, am anderen Ende sind sie zur\u00fcckhaltender und blasser. Dieser Effekt wurde mit einem stetig fester werdenden Anschlag erreicht. Sie k\u00f6nne je nach Stimmung mehr oder weniger Farbe zeigen.<\/p>\n<p><strong>Material:<\/strong><br \/>\nKette: 70% Wolle, 30% Seide<br \/>\nSchuss: 85% Wolle, 15% PA<\/p>\n<p><strong>Ma\u00dfe:<\/strong> 177cm x 37 cm ohne Fransen<br \/>\n<strong>Fransenl\u00e4nge :<\/strong> 8 cm<br \/>\n<strong>Gewicht:<\/strong> 113g<\/p>\n","protected":false},"featured_media":1363,"template":"","meta":[],"product_brand":[],"product_cat":[36],"product_tag":[101,111,51,102,106,107,108,103,109],"class_list":{"0":"post-1364","1":"product","2":"type-product","3":"status-publish","4":"has-post-thumbnail","6":"product_cat-schals-tuecher","7":"product_tag-fruehling","8":"product_tag-handgesponnen","9":"product_tag-handgewebt","10":"product_tag-herbst","11":"product_tag-schal","12":"product_tag-sommer","13":"product_tag-tuch","14":"product_tag-winter","15":"product_tag-wolle","17":"first","18":"instock","19":"sold-individually","20":"shipping-taxable","21":"purchasable","22":"product-type-simple"},"_links":{"self":[{"href":"https:\/\/test.handgewebt.net\/index.php?rest_route=\/wp\/v2\/product\/1364","targetHints":{"allow":["GET"]}}],"collection":[{"href":"https:\/\/test.handgewebt.net\/index.php?rest_route=\/wp\/v2\/product"}],"about":[{"href":"https:\/\/test.handgewebt.net\/index.php?rest_route=\/wp\/v2\/types\/product"}],"wp:featuredmedia":[{"embeddable":true,"href":"https:\/\/test.handgewebt.net\/index.php?rest_route=\/wp\/v2\/media\/1363"}],"wp:attachment":[{"href":"https:\/\/test.handgewebt.net\/index.php?rest_route=%2Fwp%2Fv2%2Fmedia&parent=1364"}],"wp:term":[{"taxonomy":"product_brand","embeddable":true,"href":"https:\/\/test.handgewebt.net\/index.php?rest_route=%2Fwp%2Fv2%2Fproduct_brand&post=1364"},{"taxonomy":"product_cat","embeddable":true,"href":"https:\/\/test.handgewebt.net\/index.php?rest_route=%2Fwp%2Fv2%2Fproduct_cat&post=1364"},{"taxonomy":"product_tag","embeddable":true,"href":"https:\/\/test.handgewebt.net\/index.php?rest_route=%2Fwp%2Fv2%2Fproduct_tag&post=1364"}],"curies":[{"name":"wp","href":"https:\/\/api.w.org\/{rel}","templated":true}]}}