{"id":290,"date":"2020-12-02T08:18:51","date_gmt":"2020-12-02T08:18:51","guid":{"rendered":"https:\/\/handgewebt.fabian-heinz-webdesign.de\/?page_id=290"},"modified":"2021-03-30T18:45:20","modified_gmt":"2021-03-30T18:45:20","slug":"versandkosten","status":"publish","type":"page","link":"https:\/\/test.handgewebt.net\/?page_id=290","title":{"rendered":"Versandkosten"},"content":{"rendered":"\n<p>Der Versand erfolgt \u00fcber DHL, sowohl national als auch international.<br>Die Versandkosten f\u00fcr Lieferungen mit Transportversicherung und Sendungsverfolgung sind innerhalb Deutschlands frei. Die Versandkosten f\u00fcr Lieferungen mit Transportversicherung und Sendungsverfolgung betragen innerhalb der EU 9,00\u20ac.<br>Wir weisen ausdr\u00fccklich darauf hin, dass bei Sendungen au\u00dferhalb der EU zus\u00e4tzliche Zollgeb\u00fchren anfallen k\u00f6nnen.<\/p>\n","protected":false},"excerpt":{"rendered":"<p>Der Versand erfolgt \u00fcber DHL, sowohl national als auch international.Die Versandkosten f\u00fcr Lieferungen mit Transportversicherung und Sendungsverfolgung sind innerhalb Deutschlands frei. Die Versandkosten f\u00fcr Lieferungen mit Transportversicherung und Sendungsverfolgung betragen innerhalb der EU 9,00\u20ac.Wir weisen ausdr\u00fccklich darauf hin, dass bei Sendungen au\u00dferhalb der EU zus\u00e4tzliche Zollgeb\u00fchren anfallen k\u00f6nnen.<\/p>\n","protected":false},"author":1,"featured_media":0,"parent":0,"menu_order":0,"comment_status":"closed","ping_status":"closed","template":"template-fullwidth.php","meta":{"footnotes":""},"class_list":["post-290","page","type-page","status-publish","hentry"],"_links":{"self":[{"href":"https:\/\/test.handgewebt.net\/index.php?rest_route=\/wp\/v2\/pages\/290","targetHints":{"allow":["GET"]}}],"collection":[{"href":"https:\/\/test.handgewebt.net\/index.php?rest_route=\/wp\/v2\/pages"}],"about":[{"href":"https:\/\/test.handgewebt.net\/index.php?rest_route=\/wp\/v2\/types\/page"}],"author":[{"embeddable":true,"href":"https:\/\/test.handgewebt.net\/index.php?rest_route=\/wp\/v2\/users\/1"}],"replies":[{"embeddable":true,"href":"https:\/\/test.handgewebt.net\/index.php?rest_route=%2Fwp%2Fv2%2Fcomments&post=290"}],"version-history":[{"count":4,"href":"https:\/\/test.handgewebt.net\/index.php?rest_route=\/wp\/v2\/pages\/290\/revisions"}],"predecessor-version":[{"id":1042,"href":"https:\/\/test.handgewebt.net\/index.php?rest_route=\/wp\/v2\/pages\/290\/revisions\/1042"}],"wp:attachment":[{"href":"https:\/\/test.handgewebt.net\/index.php?rest_route=%2Fwp%2Fv2%2Fmedia&parent=290"}],"curies":[{"name":"wp","href":"https:\/\/api.w.org\/{rel}","templated":true}]}}