{"id":1821,"date":"2024-01-30T08:44:02","date_gmt":"2024-01-30T06:44:02","guid":{"rendered":"https:\/\/handgewebt.net\/?page_id=1821"},"modified":"2024-01-30T08:44:03","modified_gmt":"2024-01-30T06:44:03","slug":"einfach-mal-selber-weben-2-3","status":"publish","type":"page","link":"https:\/\/test.handgewebt.net\/?page_id=1821","title":{"rendered":"Einsteigerkurs"},"content":{"rendered":"\n<p class=\"has-medium-font-size\">Sie lernen das Prinzip des Spinnens kennen, welchen Einflu\u00df die Faserl\u00e4nge und Beschaffenheit der Faser auf das Spinnen und das Garn hat. Mit der Handspindel bekommen Sie zun\u00e4chst ein Gef\u00fchl f\u00fcr den Spinnvorgang. Danach lernen Sie das Spinnrad kennen und stellen Ihren ersten eigenen Faden auf einem modernen bzw. Ihrem eigenen Spinnrad her.<\/p>\n\n\n\n<div style=\"height:51px\" aria-hidden=\"true\" class=\"wp-block-spacer\"><\/div>\n\n\n\n<p class=\"has-medium-font-size\"><strong>Was Sie brauchen:<\/strong><\/p>\n\n\n\n<ul class=\"wp-block-list\">\n<li class=\"has-medium-font-size\">Im Winter warme Socken\u00a0<\/li>\n<\/ul>\n\n\n\n<div style=\"height:51px\" aria-hidden=\"true\" class=\"wp-block-spacer\"><\/div>\n\n\n\n<p class=\"has-medium-font-size\"><strong>Dauer:<\/strong> ca. 3 Stunden<\/p>\n\n\n\n<p class=\"has-medium-font-size\"><strong>Kosten:<\/strong> <br>Einzelkurs 45,- \u20ac, wenn Sie den Kurs gerne zu zweit machen wollen 25,- \u20ac pro Person. Material nach Verbrauch (etwa 7,- \u20ac).<\/p>\n\n\n\n<div style=\"height:51px\" aria-hidden=\"true\" class=\"wp-block-spacer\"><\/div>\n\n\n\n<p class=\"has-medium-font-size\"><strong>Kontakt:<\/strong> <a href=\"mailto:info@handgewebt.net\">info@handgewebt.net<\/a><\/p>\n","protected":false},"excerpt":{"rendered":"<p>Sie lernen das Prinzip des Spinnens kennen, welchen Einflu\u00df die Faserl\u00e4nge und Beschaffenheit der Faser auf das Spinnen und das Garn hat. Mit der Handspindel bekommen Sie zun\u00e4chst ein Gef\u00fchl f\u00fcr den Spinnvorgang. Danach lernen Sie das Spinnrad kennen und stellen Ihren ersten eigenen Faden auf einem modernen bzw. Ihrem eigenen Spinnrad her. Was Sie [&hellip;]<\/p>\n","protected":false},"author":1,"featured_media":0,"parent":0,"menu_order":0,"comment_status":"closed","ping_status":"closed","template":"template-fullwidth.php","meta":{"footnotes":""},"class_list":["post-1821","page","type-page","status-publish","hentry"],"_links":{"self":[{"href":"https:\/\/test.handgewebt.net\/index.php?rest_route=\/wp\/v2\/pages\/1821","targetHints":{"allow":["GET"]}}],"collection":[{"href":"https:\/\/test.handgewebt.net\/index.php?rest_route=\/wp\/v2\/pages"}],"about":[{"href":"https:\/\/test.handgewebt.net\/index.php?rest_route=\/wp\/v2\/types\/page"}],"author":[{"embeddable":true,"href":"https:\/\/test.handgewebt.net\/index.php?rest_route=\/wp\/v2\/users\/1"}],"replies":[{"embeddable":true,"href":"https:\/\/test.handgewebt.net\/index.php?rest_route=%2Fwp%2Fv2%2Fcomments&post=1821"}],"version-history":[{"count":1,"href":"https:\/\/test.handgewebt.net\/index.php?rest_route=\/wp\/v2\/pages\/1821\/revisions"}],"predecessor-version":[{"id":1822,"href":"https:\/\/test.handgewebt.net\/index.php?rest_route=\/wp\/v2\/pages\/1821\/revisions\/1822"}],"wp:attachment":[{"href":"https:\/\/test.handgewebt.net\/index.php?rest_route=%2Fwp%2Fv2%2Fmedia&parent=1821"}],"curies":[{"name":"wp","href":"https:\/\/api.w.org\/{rel}","templated":true}]}}