{"id":1819,"date":"2024-01-30T08:41:47","date_gmt":"2024-01-30T06:41:47","guid":{"rendered":"https:\/\/handgewebt.net\/?page_id=1819"},"modified":"2024-01-30T08:41:47","modified_gmt":"2024-01-30T06:41:47","slug":"einfach-mal-selber-weben-2-2","status":"publish","type":"page","link":"https:\/\/test.handgewebt.net\/?page_id=1819","title":{"rendered":"Individueller Kurs"},"content":{"rendered":"\n<p class=\"has-medium-font-size\">In einem Vorgespr\u00e4ch kl\u00e4ren wir Ihre Fragen und W\u00fcnsche ab.<br>Sie k\u00f6nnen auch gerne Ihren eigenen Webstuhl mitbringen.<\/p>\n\n\n\n<div style=\"height:51px\" aria-hidden=\"true\" class=\"wp-block-spacer\"><\/div>\n\n\n\n<p class=\"has-medium-font-size\">Was Sie brauchen:<\/p>\n\n\n\n<ul class=\"wp-block-list\">\n<li class=\"has-medium-font-size\">Webgarn nach Absprache (Menge und Qualit\u00e4t)&nbsp;<\/li>\n\n\n\n<li class=\"has-medium-font-size\">Schreibsachen&nbsp;<\/li>\n\n\n\n<li class=\"has-medium-font-size\">Bequeme Kleidung&nbsp;<\/li>\n\n\n\n<li class=\"has-medium-font-size\">Warme Socken im Winter&nbsp;<\/li>\n\n\n\n<li class=\"has-medium-font-size\">Brotzeit, Getr\u00e4nke (au\u00dfer Wasser, Kaffee oder Tee)&nbsp;<\/li>\n<\/ul>\n\n\n\n<div style=\"height:51px\" aria-hidden=\"true\" class=\"wp-block-spacer\"><\/div>\n\n\n\n<p class=\"has-medium-font-size\"><strong>Dauer:<\/strong> Individuell, flexibel<\/p>\n\n\n\n<p class=\"has-medium-font-size\"><strong>Kosten:<\/strong> <br>15.-\u20ac pro Stunde, die ich mit Ihnen arbeite, 5.-\u20ac pro Stunde, die Sie alleine arbeiten.<\/p>\n\n\n\n<div style=\"height:51px\" aria-hidden=\"true\" class=\"wp-block-spacer\"><\/div>\n\n\n\n<p class=\"has-medium-font-size\"><strong>Kontakt:<\/strong> <a href=\"mailto:info@handgewebt.net\">info@handgewebt.net<\/a><\/p>\n","protected":false},"excerpt":{"rendered":"<p>In einem Vorgespr\u00e4ch kl\u00e4ren wir Ihre Fragen und W\u00fcnsche ab.Sie k\u00f6nnen auch gerne Ihren eigenen Webstuhl mitbringen. Was Sie brauchen: Dauer: Individuell, flexibel Kosten: 15.-\u20ac pro Stunde, die ich mit Ihnen arbeite, 5.-\u20ac pro Stunde, die Sie alleine arbeiten. Kontakt: info@handgewebt.net<\/p>\n","protected":false},"author":1,"featured_media":0,"parent":0,"menu_order":0,"comment_status":"closed","ping_status":"closed","template":"template-fullwidth.php","meta":{"footnotes":""},"class_list":["post-1819","page","type-page","status-publish","hentry"],"_links":{"self":[{"href":"https:\/\/test.handgewebt.net\/index.php?rest_route=\/wp\/v2\/pages\/1819","targetHints":{"allow":["GET"]}}],"collection":[{"href":"https:\/\/test.handgewebt.net\/index.php?rest_route=\/wp\/v2\/pages"}],"about":[{"href":"https:\/\/test.handgewebt.net\/index.php?rest_route=\/wp\/v2\/types\/page"}],"author":[{"embeddable":true,"href":"https:\/\/test.handgewebt.net\/index.php?rest_route=\/wp\/v2\/users\/1"}],"replies":[{"embeddable":true,"href":"https:\/\/test.handgewebt.net\/index.php?rest_route=%2Fwp%2Fv2%2Fcomments&post=1819"}],"version-history":[{"count":1,"href":"https:\/\/test.handgewebt.net\/index.php?rest_route=\/wp\/v2\/pages\/1819\/revisions"}],"predecessor-version":[{"id":1820,"href":"https:\/\/test.handgewebt.net\/index.php?rest_route=\/wp\/v2\/pages\/1819\/revisions\/1820"}],"wp:attachment":[{"href":"https:\/\/test.handgewebt.net\/index.php?rest_route=%2Fwp%2Fv2%2Fmedia&parent=1819"}],"curies":[{"name":"wp","href":"https:\/\/api.w.org\/{rel}","templated":true}]}}