{"id":1817,"date":"2024-01-30T08:39:32","date_gmt":"2024-01-30T06:39:32","guid":{"rendered":"https:\/\/handgewebt.net\/?page_id=1817"},"modified":"2024-01-30T08:46:03","modified_gmt":"2024-01-30T06:46:03","slug":"einfach-mal-selber-weben-2","status":"publish","type":"page","link":"https:\/\/test.handgewebt.net\/?page_id=1817","title":{"rendered":"Eigenes Projekt"},"content":{"rendered":"\n<p class=\"has-medium-font-size\">In einem Vorgespr\u00e4ch lernen wir uns kennen. Was m\u00f6chten Sie weben, haben Sie schon Weberfahrung, was erwarten Sie sich von dem Kurs? Mit welchem Material m\u00f6chten Sie arbeiten? Haben Sie bereits das Garn oder m\u00f6chten Sie es erst kaufen?<\/p>\n\n\n\n<p class=\"has-medium-font-size\">Sie k\u00f6nnen w\u00e4hlen, ob ich den Webstuhl f\u00fcr Sie einrichten soll, oder ob wir alles (von der Gewebeberechnung bis zum Aufbinden der Tritte) gemeinsam machen.<\/p>\n\n\n\n<p class=\"has-medium-font-size\">Sie k\u00f6nnen dazu auch ihren eigenen Webstuhl mitbringen.<\/p>\n\n\n\n<p class=\"has-medium-font-size\">Am Ende des Kurses nehmen Sie Ihr Webst\u00fcck zur weiteren Bearbeitung mit nach Hause.<\/p>\n\n\n\n<div style=\"height:51px\" aria-hidden=\"true\" class=\"wp-block-spacer\"><\/div>\n\n\n\n<p class=\"has-medium-font-size\">Was Sie brauchen:<\/p>\n\n\n\n<ul class=\"wp-block-list\">\n<li class=\"has-medium-font-size\">Webgarn nach Absprache (Menge und Qualit\u00e4t)&nbsp;<\/li>\n\n\n\n<li class=\"has-medium-font-size\">Schreibsachen&nbsp;<\/li>\n\n\n\n<li class=\"has-medium-font-size\">Bequeme Kleidung&nbsp;<\/li>\n\n\n\n<li class=\"has-medium-font-size\">Warme Socken im Winter&nbsp;<\/li>\n\n\n\n<li class=\"has-medium-font-size\">Brotzeit, Getr\u00e4nke (au\u00dfer Wasser, Kaffee oder Tee)&nbsp;<\/li>\n<\/ul>\n\n\n\n<div style=\"height:51px\" aria-hidden=\"true\" class=\"wp-block-spacer\"><\/div>\n\n\n\n<p class=\"has-medium-font-size\"><strong>Dauer:<\/strong> <br>Die Angaben gelten f\u00fcr ein Webprojekt wie beispielsweise ein Schal.&nbsp;&nbsp;<br>Wenn ich Ihnen den Webstuhl einrichte ca 1,5 Tage (ca 9 Stunden), wenn wir alles gemeinsam machen ca. 3 Tage (jeweils ca. 6 Stunden).&nbsp;<\/p>\n\n\n\n<p class=\"has-medium-font-size\"><strong>Kosten:<\/strong> <br>F\u00fcr beide Varianten 160\u20ac.<br>Sollte Sie ein gr\u00f6\u00dferes Projekt vorhaben, bezahlen Sie zus\u00e4tzlich pro Stunde, die Sie alleine arbeiten 5.-\u20ac, wenn Sie vermehrt Hilfe von mir ben\u00f6tigen 15.-\u20ac.<\/p>\n\n\n\n<div style=\"height:51px\" aria-hidden=\"true\" class=\"wp-block-spacer\"><\/div>\n\n\n\n<p class=\"has-medium-font-size\"><strong>Kontakt:<\/strong> <a href=\"mailto:info@handgewebt.net\">info@handgewebt.net<\/a><\/p>\n","protected":false},"excerpt":{"rendered":"<p>In einem Vorgespr\u00e4ch lernen wir uns kennen. Was m\u00f6chten Sie weben, haben Sie schon Weberfahrung, was erwarten Sie sich von dem Kurs? Mit welchem Material m\u00f6chten Sie arbeiten? Haben Sie bereits das Garn oder m\u00f6chten Sie es erst kaufen? Sie k\u00f6nnen w\u00e4hlen, ob ich den Webstuhl f\u00fcr Sie einrichten soll, oder ob wir alles (von [&hellip;]<\/p>\n","protected":false},"author":1,"featured_media":0,"parent":0,"menu_order":0,"comment_status":"closed","ping_status":"closed","template":"template-fullwidth.php","meta":{"footnotes":""},"class_list":["post-1817","page","type-page","status-publish","hentry"],"_links":{"self":[{"href":"https:\/\/test.handgewebt.net\/index.php?rest_route=\/wp\/v2\/pages\/1817","targetHints":{"allow":["GET"]}}],"collection":[{"href":"https:\/\/test.handgewebt.net\/index.php?rest_route=\/wp\/v2\/pages"}],"about":[{"href":"https:\/\/test.handgewebt.net\/index.php?rest_route=\/wp\/v2\/types\/page"}],"author":[{"embeddable":true,"href":"https:\/\/test.handgewebt.net\/index.php?rest_route=\/wp\/v2\/users\/1"}],"replies":[{"embeddable":true,"href":"https:\/\/test.handgewebt.net\/index.php?rest_route=%2Fwp%2Fv2%2Fcomments&post=1817"}],"version-history":[{"count":2,"href":"https:\/\/test.handgewebt.net\/index.php?rest_route=\/wp\/v2\/pages\/1817\/revisions"}],"predecessor-version":[{"id":1825,"href":"https:\/\/test.handgewebt.net\/index.php?rest_route=\/wp\/v2\/pages\/1817\/revisions\/1825"}],"wp:attachment":[{"href":"https:\/\/test.handgewebt.net\/index.php?rest_route=%2Fwp%2Fv2%2Fmedia&parent=1817"}],"curies":[{"name":"wp","href":"https:\/\/api.w.org\/{rel}","templated":true}]}}